de 434?
True
Does 10 divide 185?
False
Does 15 divide 2475?
True
Is 22 a factor of 550?
True
Is 54 a factor of 8743?
False
Is 99407 a multiple of 11?
True
Is 1196 a multiple of 15?
False
Is 380 a multiple of 4?
True
Is 766 a multiple of 12?
False
Is 47 a factor of 329?
True
Does 20 divide 6334?
False
Is 39312 a multiple of 42?
True
Is 75 a factor of 223?
False
Is 576 a multiple of 38?
False
Does 25 divide 11233?
False
Is 11818 a multiple of 43?
False
Is 400 a multiple of 4?
True
Is 10785 a multiple of 7?
False
Does 62 divide 3658?
True
Is 22 a factor of 14652?
True
Is 26752 a multiple of 32?
True
Is 24 a factor of 672?
True
Is 150 a multiple of 5?
True
Is 15 a multiple of 5?
True
Does 66 divide 704?
False
Is 6800 a multiple of 20?
True
Is 998 a multiple of 26?
False
Does 151 divide 7550?
True
Is 203 a factor of 1015?
True
Is 8 a multiple of 4?
True
Does 54 divide 1404?
True
Is 68 a factor of 746?
False
Does 59 divide 1104?
False
Is 10476 a multiple of 27?
True
Is 717 a multiple of 8?
False
Is 54 a factor of 2430?
True
Is 10 a factor of 103?
False
Is 5 a factor of 6149?
False
Does 212 divide 33072?
True
Does 44 divide 17108?
False
Does 39 divide 1146?
False
Does 97 divide 20079?
True
Is 1169 a multiple of 3?
False
Is 14 a factor of 970?
False
Is 24827 a multiple of 37?
True
Is 661 even?
False
Is 398 a multiple of 7?
False
Is 137 a factor of 1918?
True
Does 20 divide 1222?
False
Does 8 divide 24?
True
Is 75 a factor of 375?
True
Does 92 divide 16060?
False
Is 108 a multiple of 9?
True
Is 110 a factor of 99550?
True
Is 175 a multiple of 5?
True
Is 206 a multiple of 36?
False
Does 27 divide 1161?
True
Does 24 divide 2002?
False
Is 96 a factor of 943?
False
Is 20 a factor of 22202?
False
Is 1419 a multiple of 96?
False
Does 34 divide 3638?
True
Is 1539 a multiple of 11?
False
Does 91 divide 12012?
True
Does 322 divide 48023?
False
Is 13 a factor of 312?
True
Is 31077 a multiple of 300?
False
Is 1010 even?
True
Is 60748 a multiple of 50?
False
Is 256 a multiple of 16?
True
Does 29 divide 9658?
False
Is 81 a factor of 29484?
True
Is 50 a factor of 158363?
False
Is 84693 a multiple of 111?
True
Is 100 a factor of 31228?
False
Is 12 a factor of 1706?
False
Does 5 divide 1240?
True
Is 680 a multiple of 20?
True
Is 46013 a multiple of 26?
False
Does 28 divide 56?
True
Is 28 a factor of 3421?
False
Is 12400 a multiple of 200?
True
Does 68 divide 27805?
False
Does 110 divide 161570?
False
Is 5 a factor of 1145?
True
Is 280 a multiple of 20?
True
Does 12 divide 568?
False
Is 19 a factor of 287?
False
Does 4 divide 7281?
False
Is 105 a factor of 117075?
True
Is 127323 a multiple of 63?
True
Is 23 a factor of 1901?
False
Is 58 a factor of 580?
True
Is 36432 a multiple of 44?
True
Is 9 a factor of 450?
True
Does 41 divide 1107?
True
Is 8250 a multiple of 150?
True
Does 135 divide 12285?
True
Is 38766 a multiple of 71?
True
Is 46 a factor of 782?
True
Is 37408 a multiple of 224?
True
Is 13 a factor of 118097?
False
Is 14265 a multiple of 45?
True
Does 41 divide 8036?
True
Is 1452 a multiple of 12?
True
Is 112094 a multiple of 92?
False
Is 10905 a multiple of 22?
False
Is 21 a factor of 2149?
False
Is 178 a multiple of 20?
False
Is 108 a factor of 10202?
False
Is 105 a factor of 44303?
False
Is 10441 a multiple of 22?
False
Is 5800 a multiple of 40?
True
Is 22012 a multiple of 95?
False
Is 5 a factor of 1157?
False
Is 1831 a multiple of 17?
False
Is 72000 a multiple of 375?
True
Is 16 a factor of 507?
False
Is 1362 a multiple of 34?
False
Is 38 a factor of 4864?
True
Does 45 divide 23549?
False
Does 15 divide 38629?
False
Is 31 a factor of 11654?
False
Is 8 a factor of 2992?
True
Is 744 a multiple of 12?
True
Is 10 a factor of 1850?
True
Is 2837 a multiple of 15?
False
Does 30 divide 325?
False
Is 945 a multiple of 9?
True
Is 17626 a multiple of 7?
True
Does 49 divide 3546?
False
Does 11 divide 1561?
False
Is 2 a factor of 489?
False
Does 88 divide 1146?
False
Is 16 a factor of 1488?
True
Does 44 divide 28952?
True
Does 247 divide 6306?
False
Does 17 divide 1309?
True
Is 12 a factor of 5448?
True
Is 261 a multiple of 9?
True
Is 219 a multiple of 10?
False
Does 10 divide 18265?
False
Is 5 a factor of 946?
False
Is 386 a multiple of 68?
False
Is 14 a factor of 1358?
True
Is 152 even?
True
Is 9445 a multiple of 90?
False
Is 40409 a multiple of 12?
False
Is 231 a factor of 2541?
True
Is 11454 a multiple of 177?
False
Is 1848 a multiple of 77?
True
Is 70129 a multiple of 13?
False
Is 2842 a multiple of 29?
True
Is 8 a factor of 2814?
False
Is 5985 a multiple of 3?
True
Is 93 a factor of 5580?
True
Does 50 divide 1150?
True
Does 21 divide 6657?
True
Is 5 a factor of 1626?
False
Is 790 a multiple of 5?
True
Is 1800 a multiple of 50?
True
Does 56 divide 1680?
True
Does 79 divide 1027?
True
Does 10 divide 330?
True
Does 100 divide 33000?
True
Is 111 a multiple of 21?
False
Does 40 divide 47920?
True
Is 16 a factor of 240?
True
Does 10 divide 13020?
True
Does 21 divide 1144?
False
Is 181 a factor of 22919?
False
Is 1235 a multiple of 6?
False
Is 15 a multiple of 10?
False
Does 15 divide 810?
True
Is 6900 a multiple of 20?
True
Is 8 a factor of 344?
True
Does 102 divide 1469?
False
Is 6494 a multiple of 17?
True
Is 17 a factor of 30600?
True
Is 306 a multiple of 51?
True
Does 156 divide 4056?
True
Is 3 a factor of 404?
False
Is 1050 a multiple of 41?
False
Is 18 a factor of 3243?
False
Is 1170 a multiple of 18?
True
Is 15 a factor of 67256?
False
Is 19 a factor of 2601?
False
Is 3 a factor of 13392?
True
Is 1652 a multiple of 17?
False
Is 88 a multiple of 44?
True
Is 150 a factor of 93710?
False
Is 2208 a multiple of 3?
True
Does 46 divide 34104?
False
Does 6 divide 1980?
True
Does 10 divide 920?
True
Is 10213 a multiple of 10?
False
Is 131 a factor of 3799?
True
Does 6 divide 388?
False
Is 30 a factor of 5499?
False
Does 71 divide 31666?
True
Is 358 a multiple of 9?
False
Is 14 a factor of 140?
True
Is 29 even?
False
Is 27 a factor of 1681?
False
Is 21 a factor of 17766?
True
Does 29 divide 3261?
False
Is 14 a factor of 467?
False
Is 7536 a multiple of 8?
True
Does 151 divide 90751?
True
Does 25 divide 1474?
False
Is 7616 a multiple of 2?
True
Does 3 divide 33?
True
Is 896 a multiple of 27?
False
Is 84 a factor of 13692?
True
Is 8 a factor of 36177?
False
Is 11 a factor of 246?
False
Is 1312 a multiple of 40?
False
Is 1598 a multiple of 31?
False
Is 2387 a multiple of 7?
True
Does 60 divide 866?
False
Is 13 a factor of 23637?
False
Does 15 divide 1500?
True
Is 570 a multiple of 5?
True
Is 8 a factor of 25637?
False
Does 30 divide 150?
True
Is 5 a factor of 650?
True
Does 5 divide 1675?
True
Is 5508 a multiple of 63?
False
Is 25 a factor of 31679?
False
Is 225 a multiple of 5?
True
Is 46146 a multiple of 201?
False
Is 28 a factor of 12068?
True
Is 5041 a multiple of 34?
False
Is 3231 a multiple of 46?
False
Is 2527 a multiple of 19?
True
Is 14 a factor of 2409?
False
Does 41 divide 328?
True
Is 11 a factor of 625?
False
Does 14 divide 2254?
True
Is 670 a multiple of 15?
False
Is 30225 a multiple of 13?
True
Is 5852 a multiple of 14?
True
Does 94 divide 44049?
False
Does 14 divide 6132?
True
Is 2733 a multiple of 47?
False
Is 896 a multiple of 14?
True
Does 48 divide 2016?
True
Does 15 divide 1815?
True
Is 5141 a multiple of 18?
False
Does 34 divide 476?
True
Does 2 divide 757?
False
Is 324 a factor of 106596?
True
Is 392 a multiple of 7?
True
Does 2 divide 249?
False
Is 6 a factor of 137?
False
Does 32 divide 3637?
False
Is 6 a factor of 973?
False
Is 4592 a multiple of 16?
True
Is 53 a factor of 3657?
True
Is 11 a factor of 5665?
True
Is 16 a factor of 592?
True
Is 64 a factor of 40323?
False
Does 268 divide 83884?
True
Does 31 divide 465?
True
Is 5888 a multiple of 184?
True
Does 17 divide 510?
True
Is 136 a multiple of 25?
False
Is 67 a factor of 36649?
True
Is 61 a factor of 85?
False
Is 6 a factor of 3228?
True
Does 10 divide 18214?
False
Is 1033 a multiple of 40?
False
Is 3 a factor of 168?
True
Does 80 divide 11520?
True
Is 11 a factor of 4015?
True
Is 12 a factor of 57552?
True
Is 1410 a multiple of 94?
True
Is 158 a factor of 1297?
False
Is 7371 a multiple of 10?
False
Does 50 divide 750?
True
Is 8 a factor of 560?
True
Does 5 divide 186?
False
Is 125 a facto